 t(k) = -65*k + 2658. Calculate t(41).
-7
Let f(v) = -v**3 - 5*v**2 + 73*v + 73. Give f(-11).
-4
Let k(x) = -x**3 + 20*x**2 - 60*x - 97. Calculate k(15).
128
Let i(t) = 17*t**2 + 608*t - 1976. Determine i(3).
1
Let v(h) = 559*h**2 - 15*h + 15. What is v(1)?
559
Let d(r) = -r**2 + 77*r + 38311. Determine d(-161).
-7
Let b(v) = 196*v + 244. Determine b(-2).
-148
Let q(z) = -15*z + 591. Calculate q(29).
156
Let p(w) = w**2 - 9*w - 50. What is p(-4)?
2
Let k(n) = 2314*n - 23159. What is k(10)?
-19
Let s(c) = -10*c**2 - 19*c + 148. Give s(6).
-326
Let q(f) = -3*f**2 + 97*f - 338. Determine q(28).
26
Let z(j) = 7*j + 619. What is z(-70)?
129
Let w(h) = h**2 - 3*h + 8. Give w(14).
162
Let o(i) = i**3 + 20*i**2 + 32*i - 70. Determine o(-18).
2
Let m(i) = 13*i**2 + 721*i - 14. Give m(-56).
378
Let a(h) = -2*h**2 + 39*h - 164. Calculate a(7).
11
Let q(c) = 7*c**2 - 126*c - 2238. What is q(-11)?
-5
Let x(n) = -n**2 - 96*n - 1547. Give x(-76).
-27
Let m(l) = 3*l**3 - 7*l**2 - 11*l + 3. Calculate m(4).
39
Let z(i) = i**2 - 10*i - 60. Give z(18).
84
Let g(q) = 303*q + 39723. Determine g(-131).
30
Let h(p) = 57*p**2 - 3*p - 1. Determine h(-1).
59
Let v(m) = 236*m - 2932. Calculate v(12).
-100
Let u(q) = q**3 - 16*q**2 - 136*q - 2. Give u(-7).
-177
Let i(r) = -4*r**2 + 296*r + 29. What is i(74)?
29
Let h(j) = 3*j**3 + 8*j**2 - 25*j + 61. Determine h(4).
281
Let m(p) = -p**3 + 16*p**2 + 900*p - 15023. Give m(17).
-12
Let h(n) = -13*n**2 + 34*n + 33. Calculate h(4).
-39
Let z(d) = 3*d**3 - 13*d**2 + 22*d + 2. Give z(5).
162
Let g(s) = s**2 + 69*s - 390. Determine g(-75).
60
Let o(t) = t**3 + 5*t**2 - 15*t - 85. Calculate o(4).
-1
Let t(m) = m**3 - 12*m**2 - 85. What is t(12)?
-85
Let q(p) = 196*p - 130. What is q(1)?
66
Let i(x) = 2*x**2 - 1096*x + 3267. What is i(3)?
-3
Let l(z) = -3*z**3 - 3*z**2 - 7*z - 13. What is l(-5)?
322
Let v(b) = 34*b - 430. Give v(13).
12
Let k(p) = -p**2 + p + 25. Determine k(0).
25
Let a(n) = -254*n**2 + 3*n + 3. What is a(1)?
-248
Let g(z) = -9*z**2 + 190*z + 165. What is g(22)?
-11
Let l(q) = -q**2 + 622*q + 6330. What is l(-10)?
10
Let x(u) = -8*u + 16. Calculate x(0).
16
Let w(q) = -175*q - 3277. Give w(-17).
-302
Let o(z) = 28*z + 146. Calculate o(-4).
34
Let f(q) = q**2 - 67*q - 1258. What is f(-15)?
-28
Let s(v) = -45*v**2 - 10*v - 6. Calculate s(1).
-61
Let s(y) = y**2 + 2*y - 565. What is s(0)?
-565
Let g(h) = -h**2 - 26*h + 78. Calculate g(-30).
-42
Let z(c) = -c**3 + 7*c**2 - 4*c - 82. Give z(12).
-850
Let k(g) = -44*g - 2206. What is k(-52)?
82
Let c(g) = -7*g**3 - 155*g**2 - 13*g + 122. Calculate c(-22).
-76
Let g(v) = v**2 + 56*v + 696. What is g(-22)?
-52
Let o(r) = -2123*r + 50941. Determine o(24).
-11
Let h(o) = o**3 - 7*o**2 + 3*o + 14. What is h(3)?
-13
Let n(p) = -3*p**3 + 5*p + 631. Calculate n(0).
631
Let m(t) = -303*t**2 + 23*t - 1. Give m(1).
-281
Let i(s) = -s**3 + 31*s**2 + 180*s + 5. Give i(36).
5
Let c(m) = -m**2 + 14*m - 70. Give c(8).
-22
Let k(n) = n**2 - 397*n - 55165. Give k(-109).
-11
Let m(v) = -34*v + 462. Give m(14).
-14
Let i(z) = 58*z - 114. Calculate i(8).
350
Let u(y) = -4*y**3 + 237*y**2 + 192*y - 715. What is u(60)?
5
Let n(a) = 2*a**3 + 8*a**2 - 8*a - 121. What is n(-6)?
-217
Let b(j) = 165*j - 7588. Give b(46).
2
Let k(n) = 564*n - 7882. Determine k(14).
14
Let q(p) = 6107*p - 42750. Determine q(7).
-1
Let i(l) = 210*l - 626. What is i(3)?
4
Let g(s) = -9*s - 458. Determine g(-51).
1
Let l(o) = -3*o**3 + 6*o**2 + 36*o - 20. Calculate l(5).
-65
Let t(z) = z**2 + 59*z + 158. Calculate t(-3).
-10
Let z(x) = -x**3 + x**2 + 28*x - 57. What is z(5)?
-17
Let h(v) = -2*v - 13. Calculate h(-25).
37
Let j(c) = 141*c + 540. Calculate j(-10).
-870
Let w(g) = -40*g**2 + 322*g - 12. Calculate w(8).
4
Let w(l) = 2*l**2 - 812*l + 17616. Determine w(23).
-2
Let x(i) = 57*i + 640. Calculate x(-13).
-101
Let u(k) = -53*k - 1. Calculate u(-3).
158
Let l(w) = -w**3 - 11*w**2 + 60*w + 12. Give l(-15).
12
Let b(t) = -314*t + 3477. Calculate b(11).
23
Let i(q) = -q**3 - 28*q**2 + 18*q + 75. Give i(-29).
394
Let y(q) = -q**3 + 6*q**2 - 53*q + 211. What is y(9)?
-509
Let d(h) = -h**3 + 49*h**2 + 591*h - 149. Give d(59).
-90
Let s(m) = -m**3 + 6*m**2 + 5*m - 57. Give s(3).
-15
Let n(g) = g**3 - 19*g**2 + 44*g - 93. What is n(17)?
77
Let s(o) = 2*o**3 + 84*o**2 - o - 31. Calculate s(-42).
11
Let l(k) = 36*k - 313. Calculate l(9).
11
Let b(m) = m**2 - 13*m - 36. What is b(-9)?
162
Let i(j) = 2*j**2 - 12*j + 2. Determine i(6).
2
Let x(n) = -3*n + 187. Calculate x(21).
124
Let n(v) = 10*v**3 + 142*v**2 + 13*v + 29. Give n(-14).
239
Let r(l) = 1240*l + 145075. What is r(-117)?
-5
Let u(f) = -29*f**2 - 1944*f - 61. Determine u(-67).
6
Let q(x) = -x**3 - 19*x**2 - 20*x + 209. Determine q(-18).
245
Let h(n) = 3*n**2 + 77*n + 371. Calculate h(-19).
-9
Let i(s) = 4*s + 236. What is i(-47)?
48
Let s(o) = 95*o + 928. Determine s(-9).
73
Let c(u) = 33*u - 1033. Determine c(31).
-10
Let h(u) = 8*u + 194. Calculate h(-29).
-38
Let m(a) = -a**2 + a + 119. Calculate m(12).
-13
Let t(l) = 2*l**3 + 172*l**2 + 972*l + 991. Give t(-80).
31
Let c(u) = u**3 - 48*u**2 + 166*u + 25. Calculate c(4).
-15
Let v(d) = 11*d**2 + 179*d - 87. What is v(-17)?
49
Let b(p) = 29*p + 257. Determine b(-9).
-4
Let n(j) = 4*j**2 + 2*j + 18. Determine n(3).
60
Let v(k) = k**3 - 23*k**2 + 56*k + 116. What is v(20)?
36
Let x(q) = -289*q - 3768. Determine x(-13).
-11
Let d(b) = b**2 + 7*b - 5697. What is d(-78)?
-159
Let x(w) = 356*w**2 + 1077*w + 11. Determine x(-3).
-16
Let s(f) = -3*f**2 - 105*f + 708. Give s(-41).
-30
Let v(x) = -3*x**3 + 9*x**2 - 67. Determine v(0).
-67
Let j(r) = r**2 - 236*r + 9962. Determine j(181).
7
Let y(q) = -374*q + 3294. Determine y(9).
-72
Let j(o) = 5335*o + 21351. Determine j(-4).
11
Let y(c) = -15998*c + 159973. Give y(10).
-7
Let t(y) = -725*y + 4350. Determine t(6).
0
Let i(y) = 2*y**2 - 2*y - 165. Calculate i(0).
-165
Let g(x) = -157*x + 5656. Calculate g(36).
4
Let m(u) = -3*u**2 - 84*u + 166. Give m(-28).
166
Let b(h) = h**3 + 16*h**2 - 17*h - 267. Calculate b(-16).
5
Let c(r) = 46*r + 5529. Give c(-121).
-37
Let m(g) = -g**2 - 7*g + 178. Calculate m(-18).
-20
Let w(u) = -4*u**3 - 13*u**2 + 18*u + 19. Calculate w(-5).
104
Let g(r) = 117*r - 1285. Determine g(11).
2
Let x(p) = 60*p**3 - p**2 - 2*p - 2. Determine x(-1).
-61
Let w(f) = -13*f**2 + 2288*f - 2315. What is w(175)?
-40
Let k(b) = -31*b**2 + 2976*b - 27. Determine k(96).
-27
Let q(l) = 107*l - 528. What is q(7)?
221
Let n(g) = 4*g**3 - 54*g**2 + 30*g + 9. Determine n(13).
61
Let t(h) = -h**3 - 4*h**2 - 1437*h - 4304. What is t(-3)?
-2
Let o(n) = 3*n**3 + 14*n**2 - 7*n - 40. Give o(-5).
-30
Let y(u) = -63*u - 12546. What is y(-199)?
-9
Let k(f) = f**2 + 26*f - 1528. Give k(-54).
-16
Let o(x) = -x**3 + 13*x**2 + 41*x - 56. Determine o(16).
-168
Let y(b) = -28*b**3 - 390*b**2 + 40*b + 172. What is y(-14)?
4
Let d(m) = 4*m**2 + 10*m - 41. Give d(-7).
85
Let i(g) = 187*g**2 - 7480*g + 7. What is i(40)?
7
Let h(v) = 6*v**2 - 54*v + 303. Determine h(7).
219
Let a(s) = 331*s + 116. Give a(0).
116
Let w(j) = 5357*j + 16060. What is w(-3)?
-11
Let n(b) = b**2 - 512. Determine n(22).
-28
Let p(x) = -2*x**3 + 4*x**2 - 32*x + 552. What is p(8)?
-472
Let k(o) = o**3 + 2*o**2 - 10*o + 684. Calculate k(0).
684
Let o(k) = k**3 - 4*k**2 - 38*k + 117. Determine o(3).
-6
Let o(n) = -11*n**2 - 14*n + 30. Calculate o(2).
-42
Let q(t) = 15*t + 335. Determine q(-16).
95
Let g(q) = 28*q**2 - 467*q - 161. What is g(17)?
-8
Let c(a) = -3*a**3 - 514*a**2 - 172*a - 169. Determine c(-171).
2
Let a(l) = 46*l - 352. Calculate a(6).
-76
Let v(p) = -88*p - 7231. Determine v(-82).
-15
Let v(h) = -1576*h + 4745. Calculate v(3).
17
Let g(q) = -121*q - 238. Calculate g(-2).
4
Let u(s) = 181*s - 7927. Give u(44).
37
Let j(d) = -1727*d + 79429. Determine j(46).
-13
Let w(d) = -4*d**3 + 129*d**2 - 27*d - 111. What is w(32)?
49
Let u(l) = 15*l - 29. Calculate u(-2).
-59
Let h(b) = b**3 + 12*b**2 + 20*b + 98. Give h(-11).
-1
Let s(g) = -66*g - 306. Calculate s(-5).
24
Let x(n) = -n**2 + 8*n + 230. What is x(33)?
-595
Let j(p) = -3*p**2 - 44*p + 300. What is j(5)?
5
Let q(j) = 185*j**2 + 153*j - 25. Calculate q(-1).
7
Let u(w) = 2*w**2 + 46*w - 223. Determine u(-27).
-7
Let c(w) = -2*w**3 + 2*w**2 +